= 5*q**3 - 342*q**2 + 140*q - 631. What is h(68)?
-359
Let t(o) = 213*o**3 - 6*o**2 + 72*o + 72. What is t(-1)?
-219
Let q(y) = 17000*y**2 + 17033*y - 4. Give q(-1).
-37
Let x(c) = 71*c**2 + 1139*c + 48. Determine x(-16).
0
Let i(p) = -5*p**2 - 664*p - 21401. Calculate i(-55).
-6
Let v(r) = 9*r**2 + 164*r + 719. Give v(-8).
-17
Let m(q) = -q**3 - 322*q**2 - 3058*q + 19267. Determine m(-312).
-77
Let w(j) = 641*j**2 + 4338*j - 38. Determine w(-6).
-2990
Let c(y) = 9634*y + 9663. Calculate c(-1).
29
Let v(h) = 71*h**3 - 9*h**2 - 15*h - 8. Give v(-2).
-582
Let y(o) = 2*o**3 + 3*o**2 + 6*o + 250. Determine y(6).
826
Let h(s) = 2*s**3 - 298*s**2 - 5954*s - 9713. Give h(167).
-27
Let h(i) = 1215*i - 179560. What is h(148)?
260
Let w(a) = 2*a**2 + 6022*a - 660789. Calculate w(106).
15
Let b(q) = -239*q + 2398. Give b(10).
8
Let d(h) = -h**3 + 32*h**2 - 77*h + 193. Calculate d(12).
2149
Let n(a) = -a**2 - 2487*a + 37532. Calculate n(15).
2
Let o(b) = 3*b**2 + 353*b + 7161. Give o(-26).
11
Let c(q) = 337*q - 114864. Determine c(341).
53
Let j(u) = -u**3 + 20*u**2 + 153*u - 195. What is j(25)?
505
Let l(m) = -399*m - 5155. Determine l(-13).
32
Let c(d) = 23*d**3 + 113*d**2 + 129*d - 19. Calculate c(-3).
-10
Let s(z) = -99*z**2 + 10392*z + 320. What is s(105)?
5
Let p(i) = 1546*i - 27781. Calculate p(18).
47
Let r(z) = -60*z**2 + 21092*z + 9886. Give r(352).
30
Let m(u) = 422*u - 8440. Determine m(20).
0
Let t(w) = -1068058*w - 1068064. What is t(-1)?
-6
Let f(m) = 401*m - 1391. Give f(11).
3020
Let m(i) = 8*i**3 - 118*i**2 - 6*i - 48. What is m(15)?
312
Let c(g) = -2109*g - 73752. What is c(-35)?
63
Let b(n) = -6*n**2 + 1577*n - 34182. Calculate b(239).
-5
Let j(p) = -239*p**3 + 31*p**2 - 27*p. What is j(1)?
-235
Let k(o) = 3271*o**2 + 248598*o + 151. Give k(-76).
-1
Let j(q) = -4*q**3 + 802*q**2 - 5791*q + 216. Determine j(193).
23
Let q(f) = -30002*f - 60498. Give q(-2).
-494
Let h(b) = 2*b**3 + 40*b**2 - 68*b + 1317. Give h(-23).
-293
Let s(d) = d**3 + 126*d**2 + 1669*d + 439. What is s(-111)?
-5
Let h(w) = -2*w**3 + 60*w**2 - 36972*w + 1109150. Calculate h(30).
-10
Let j(k) = -3*k**2 + 1006*k - 71586. Give j(233).
-55
Let w(h) = 2*h**3 - 75*h**2 - 224*h + 4186. Determine w(39).
13
Let w(h) = h**3 + 22*h**2 + 109*h + 625. Calculate w(-18).
-41
Let h(l) = l**2 + 555*l - 12088. Calculate h(21).
8
Let p(n) = -11*n**2 - 44*n + 57. What is p(-6)?
-75
Let y(h) = 9078*h - 7571053. Determine y(834).
-1
Let u(i) = 3553*i - 56764. What is u(16)?
84
Let j(d) = -d**2 + 752*d - 138183. Calculate j(433).
-56
Let w(u) = u**3 + 6*u**2 + 471*u + 7307. What is w(-13)?
1
Let d(m) = -2*m**2 + 1234*m - 3683. Determine d(3).
1
Let x(f) = -f**2 - 10721*f + 581896. Determine x(54).
46
Let m(j) = -16*j**2 + 965*j - 13739. Calculate m(23).
-8
Let s(z) = -67*z**2 - 6140*z + 8452. Determine s(-93).
-11
Let m(q) = 29*q**2 + 400*q - 1103. Give m(-19).
1766
Let v(n) = 23*n - 4618. Give v(206).
120
Let n(i) = 156*i**2 + 33*i + 66. Give n(-1).
189
Let r(p) = 8*p**2 - 273*p + 1713. Calculate r(26).
23
Let i(q) = 1323*q + 97973. What is i(-74)?
71
Let d(f) = -f**2 + 295*f - 21108. Give d(122).
-2
Let c(l) = -3*l**3 - 96*l**2 - 1061*l - 33955. What is c(-32)?
-3
Let a(c) = -49*c**2 + 232984*c - 232984. Determine a(1).
-49
Let c(y) = 427*y - 4186. What is c(10)?
84
Let r(q) = 2*q**3 + 40*q**2 + 21*q + 764. Give r(-20).
344
Let d(s) = 25*s**3 - 129*s**2 - 4*s + 47. Calculate d(6).
779
Let c(a) = 23*a**2 - 25*a - 127431. Determine c(75).
69
Let i(w) = 565*w + 4923. Calculate i(-8).
403
Let b(f) = 2*f**3 - 73*f**2 - 129*f + 7557. Give b(35).
-633
Let g(f) = -f**2 + 22592*f + 11640379. Calculate g(-504).
-5
Let o(b) = -57*b**2 - 424*b + 854. Give o(2).
-222
Let x(b) = -b**3 - 165*b**2 - 1920*b + 2730. What is x(-14)?
14
Let k(y) = 2*y**2 - 361*y + 7412. Give k(158).
302
Let r(x) = -5394*x - 361405. Determine r(-67).
-7
Let z(l) = l**2 - 206*l + 3234. Calculate z(18).
-150
Let s(v) = -391*v + 9801. Calculate s(22).
1199
Let c(y) = y**3 + 209*y**2 - 645*y - 2046. Give c(-212).
-138
Let x(q) = -2023*q + 188147. Calculate x(93).
8
Let z(p) = 3*p**2 + 114*p + 1599. Determine z(-27).
708
Let g(q) = 113*q**2 - 80797*q + 1424. What is g(715)?
-6
Let t(m) = -224*m - 19496. What is t(-87)?
-8
Let t(v) = 369*v - 31424. Give t(84).
-428
Let b(s) = -s**2 - 6126*s - 109926. Give b(-18).
18
Let f(i) = -i**3 + 13*i**2 + 333*i - 58. Calculate f(-13).
7
Let j(s) = s**3 - 544*s**2 - 10703*s - 122. Calculate j(-19).
-8
Let b(w) = 61*w**2 + 511*w + 570. What is b(-7)?
-18
Let r(o) = o**3 + 1071*o**2 + 35254*o - 4194. Give r(-1037).
-46
Let g(l) = -735*l**2 + 772*l. What is g(1)?
37
Let t(i) = -22*i**2 + 343*i + 3988. Give t(-10).
-1642
Let s(t) = -5*t**2 - 26*t - 205. Give s(-18).
-1357
Let k(t) = 2457*t - 2022370. Determine k(823).
-259
Let w(b) = -4*b**3 - 372*b**2 + 215*b + 20044. Calculate w(-93).
49
Let v(i) = 16134*i - 1145520. What is v(71)?
-6
Let w(k) = 1633*k + 888. What is w(-1)?
-745
Let p(a) = 105*a**2 + 432*a + 399. What is p(-3)?
48
Let m(x) = -5*x**2 + 655*x - 2381. Give m(127).
159
Let z(r) = -699*r**3 + 4197*r**2 - 8*r - 39. What is z(6)?
21
Let k(i) = 151*i - 4547. Calculate k(30).
-17
Let d(l) = -l**3 + 127*l**2 + 525*l + 326. Determine d(131).
457
Let l(s) = -2*s**3 - 733*s**2 + 1155*s + 18772. Calculate l(-368).
4
Let q(u) = 6*u**2 - 355*u + 447. Give q(54).
-1227
Let u(c) = c**2 + 193*c - 10460. What is u(44)?
-32
Let b(s) = 1788*s**2 + 12485*s - 174. Calculate b(-7).
43
Let i(z) = -2*z**2 + 9854*z + 719867. Give i(-72).
11
Let n(v) = 536*v**2 - 19825*v - 259. Calculate n(37).
0
Let b(p) = -27*p**3 + 5668*p**2 + 413*p + 1476. Determine b(210).
6
Let p(j) = -4*j**3 - 75*j**2 + 15*j + 838. Determine p(-18).
-404
Let w(a) = -a**2 + 86950*a + 608687. Determine w(-7).
-12
Let s(t) = -t**2 + 15869*t - 443516. Determine s(28).
32
Let i(o) = -551*o**2 + 9810*o + 1964. What is i(18)?
20
Let v(h) = 29*h**3 + 85*h**2 - 4*h - 12. Calculate v(-3).
-18
Let x(l) = l**2 - 231*l + 13192. Give x(105).
-38
Let z(y) = -y**3 - 295*y**2 + 106765*y + 205. Calculate z(211).
-6
Let o(q) = q**3 + 173*q**2 + 959*q + 19984. Give o(-168).
-8
Let a(h) = -47*h - 886. Determine a(-20).
54
Let r(x) = 2*x**2 - 153*x - 7088. What is r(109)?
-3
Let j(t) = -3*t**3 - 67*t**2 - 866*t - 4162. Give j(-8).
14
Let t(q) = -3*q**2 - 696*q + 7260. Calculate t(10).
0
Let g(f) = 48692*f + 3359762. Calculate g(-69).
14
Let g(n) = 10*n**3 - 6*n**2 + 89*n - 264. Give g(5).
1281
Let p(a) = -6024*a + 30121. What is p(5)?
1
Let o(s) = -16*s**2 - 636*s - 743. What is o(-39)?
-275
Let d(k) = -17851*k - 8996905. What is d(-504)?
-1
Let a(l) = l**2 + 665*l + 15520. Give a(-25).
-480
Let k(y) = -4494*y + 1433578. Determine k(319).
-8
Let c(z) = z**3 - 3*z**2 - 27367*z + 82094. What is c(3)?
-7
Let p(n) = -n**3 - 31*n**2 - 5411*n - 161489. Determine p(-30).
-59
Let n(q) = q**2 + 55*q - 921. What is n(-70)?
129
Let q(v) = v**3 - 53*v**2 + 174*v + 1128. Determine q(49).
50
Let m(f) = 120*f**2 - 259*f - 147. What is m(-1)?
232
Let h(r) = -4*r**3 - 290*r**2 - 974*r - 1147. What is h(-69)?
-595
Let x(a) = -1744254*a - 5232752. What is x(-3)?
10
Let f(a) = -11851*a + 237031. Give f(20).
11
Let w(h) = 1844*h**2 + 228654*h - 102. Determine w(-124).
146
Let s(x) = 6*x**2 - 49*x - 9044. Determine s(-35).
21
Let l(d) = -16580*d + 978225. Give l(59).
5
Let f(z) = -z**2 - 1348*z - 360631. Give f(-368).
9
Let n(r) = r**3 - 10*r**2 - 15*r + 55. What is n(8)?
-193
Let y(z) = -7*z**2 - 88*z + 65. Determine y(0).
65
Let n(y) = -152*y**2 - 22308*y + 5306. Give n(-147).
14
Let i(d) = 11*d**3 - 229*d**2 - 540*d - 88. Determine i(-2).
-12
Let d(j) = j**3 - 1401*j**2 - 6261*j + 900564. What is d(1405)?
-41
Let c(x) = -131*x + 2135. What is c(16)?
39
Let z(a) = -3*a**3 - 1014*a**2 - 4992*a + 974. Give z(-333).
-25
Let s(t) = 60*t**2 - 2845*t - 68. What is s(47)?
-1243
Let v(n) = n**3 - 39*n**2 - 3*n - 2. What is v(-1)?
-39
Let b(k) = k**3 - 122*k**2 - 20*k + 2321. Calculate b(122).
-119
Let b(x) = 61*x**2 + 5765*x + 29902. What is b(-89)?
-2
Let d(s) = -7*s**3 - 61*s**2 - 188*s - 1193. What is d(-8)?
-9
Let a(r) = -67*r**3 + 126*r**2 - 106*r + 249. What is a(2)?
5
Let b(d) = -d**2 - 2626*d - 366552. Give b(-148).
192
Let n(b) = -6*b**3 + 284*b**2 + 1436*b - 19. What